by 528?
274
Calculate the remainder when 56983001 is divided by 28491477.
47
What is the remainder when 1115475 is divided by 15280?
35
Calculate the remainder when 728401 is divided by 7355.
256
Calculate the remainder when 4426147 is divided by 488.
475
What is the remainder when 8671991 is divided by 346878?
41
Calculate the remainder when 1248980 is divided by 309.
2
Calculate the remainder when 9603 is divided by 9533.
70
Calculate the remainder when 1468621 is divided by 182.
63
What is the remainder when 47158270 is divided by 6579?
6577
Calculate the remainder when 1177775379 is divided by 631.
628
Calculate the remainder when 510486928 is divided by 56153.
5
What is the remainder when 547752 is divided by 273869?
14
What is the remainder when 14323952 is divided by 81386?
16
What is the remainder when 552058 is divided by 128?
122
Calculate the remainder when 9986649 is divided by 205.
74
What is the remainder when 54049 is divided by 144?
49
Calculate the remainder when 39283357 is divided by 39283345.
12
Calculate the remainder when 6973398 is divided by 3589.
3560
Calculate the remainder when 33204107 is divided by 7872.
11
Calculate the remainder when 250589012 is divided by 125294505.
2
Calculate the remainder when 16119049 is divided by 31982.
121
What is the remainder when 425382 is divided by 60767?
13
What is the remainder when 1125190 is divided by 2273?
55
What is the remainder when 1466175 is divided by 183?
162
Calculate the remainder when 110944 is divided by 630.
64
What is the remainder when 385099 is divided by 1271?
1257
Calculate the remainder when 107461 is divided by 26746.
477
What is the remainder when 386515617 is divided by 18?
15
Calculate the remainder when 7009435 is divided by 118.
117
What is the remainder when 75491 is divided by 7926?
4157
What is the remainder when 31595792 is divided by 770629?
3
Calculate the remainder when 7090555 is divided by 1012935.
10
Calculate the remainder when 369083 is divided by 660.
143
Calculate the remainder when 6899897 is divided by 3645.
3557
What is the remainder when 12064643 is divided by 22?
19
Calculate the remainder when 96150 is divided by 23574.
1854
Calculate the remainder when 43102 is divided by 1281.
829
What is the remainder when 449776 is divided by 1384?
1360
What is the remainder when 1249911 is divided by 571?
563
What is the remainder when 788555 is divided by 71666?
229
What is the remainder when 475831 is divided by 793?
31
Calculate the remainder when 16283 is divided by 99.
47
What is the remainder when 64536 is divided by 542?
38
What is the remainder when 8678361 is divided by 268?
253
Calculate the remainder when 2210687 is divided by 1355.
682
Calculate the remainder when 6864720 is divided by 78.
18
Calculate the remainder when 9705028 is divided by 3235009.
1
Calculate the remainder when 7882713 is divided by 4431.
4395
What is the remainder when 13459 is divided by 2152?
547
What is the remainder when 262514 is divided by 7718?
102
What is the remainder when 1091066 is divided by 24245?
41
Calculate the remainder when 489736 is divided by 38.
30
Calculate the remainder when 4984761 is divided by 27.
21
Calculate the remainder when 2873789 is divided by 28174.
41
What is the remainder when 72456 is divided by 16816?
5192
Calculate the remainder when 618159 is divided by 534.
321
Calculate the remainder when 222196 is divided by 3002.
48
What is the remainder when 73807 is divided by 1082?
231
What is the remainder when 22215119 is divided by 273?
17
What is the remainder when 1272767 is divided by 149?
9
What is the remainder when 34878762 is divided by 1079?
87
Calculate the remainder when 5405646 is divided by 16.
14
Calculate the remainder when 5144131 is divided by 1714698.
37
What is the remainder when 1248938 is divided by 623472?
1994
Calculate the remainder when 1464646 is divided by 69740.
106
What is the remainder when 3276760 is divided by 3276727?
33
Calculate the remainder when 2650934 is divided by 225.
209
What is the remainder when 2318990 is divided by 10261?
4
Calculate the remainder when 830874 is divided by 830866.
8
Calculate the remainder when 317285 is divided by 618.
251
What is the remainder when 74825 is divided by 226?
19
Calculate the remainder when 147064 is divided by 12255.
4
What is the remainder when 79177 is divided by 25471?
2764
What is the remainder when 391098 is divided by 613?
4
Calculate the remainder when 13726194 is divided by 11.
9
What is the remainder when 264664 is divided by 17193?
6769
What is the remainder when 38508902 is divided by 145?
92
What is the remainder when 28772 is divided by 3865?
1717
What is the remainder when 53557 is divided by 450?
7
Calculate the remainder when 64571806 is divided by 257258.
48
What is the remainder when 2282541 is divided by 59?
8
What is the remainder when 1363316 is divided by 681642?
32
What is the remainder when 269458 is divided by 16608?
3730
Calculate the remainder when 14988994 is divided by 130.
124
What is the remainder when 3261511 is divided by 58?
55
Calculate the remainder when 6208158 is divided by 2575.
2408
Calculate the remainder when 81430117 is divided by 518.
517
What is the remainder when 58307779 is divided by 154?
145
Calculate the remainder when 1153254 is divided by 67835.
59
What is the remainder when 1909576 is divided by 150?
76
Calculate the remainder when 4638778 is divided by 77.
67
What is the remainder when 113023195 is divided by 242?
241
Calculate the remainder when 26418928 is divided by 2201569.
100
What is the remainder when 2758268 is divided by 459709?
14
Calculate the remainder when 911408 is divided by 303699.
311
Calculate the remainder when 2927546 is divided by 3015.
2996
What is the remainder when 12579537 is divided by 153?
30
What is the remainder when 119191 is divided by 119069?
122
Calculate the remainder when 95612 is divided by 3999.
3635
Calculate the remainder when 124938278 is divided by 1296.
1286
What is the remainder when 3557997 is divided by 3971?
3952
What is the remainder when 15212 is divided by 7541?
130
Calculate the remainder when 43409689 is divided by 27165.
19
Calculate the remainder when 996586 is divided by 1623.
64
What is the remainder when 11400022 is divided by 2849950?
222
Calculate the remainder when 2533575 is divided by 2544.
2295
Calculate the remainder when 69844 is divided by 17339.
488
Calculate the remainder when 183688 is divided by 759.
10
What is the remainder when 63326 is divided by 61096?
2230
What is the remainder when 6575335 is divided by 114?
43
Calculate the remainder when 54989 is divided by 533.
90
What is the remainder when 29784293 is divided by 81?
26
Calculate the remainder when 56921 is divided by 10867.
2586
What is the remainder when 266081 is divided by 29555?
86
What is the remainder when 7308596 is divided by 567?
533
Calculate the remainder when 31458 is divided by 3809.
986
Calculate the remainder when 101083 is divided by 46069.
8945
Calculate the remainder when 190859 is divided by 12.
11
Calculate the remainder when 33617681 is divided by 668.
581
What is the remainder when 7444399 is divided by 10156?
51
Calculate the remainder when 2426709 is divided by 808833.
210
What is the remainder when 383811 is divided by 694?
29
Calculate the remainder when 192326 is divided by 38463.
11
Calculate the remainder when 133151448 is divided by 5.
3
Calculate the remainder when 30474323 is divided by 197.
196
What is the remainder when 1993914 is divided by 804?
798
What is the remainder when 463529 is divided by 873?
839
What is the remainder when 3382472 is divided by 12910?
52
What is the remainder when 46926438 is divided by 1303512?
6
What is the remainder when 4189335 is divided by 174?
111
Calculate the remainder when 4005924 is divided by 114443.
419
What is the remainder when 15807 is divided by 13391?
2416
Calculate the remainder when 6233740 is divided by 214949.
219
What is the remainder when 35782657 is divided by 8736?
1
Calculate the remainder when 430344338 is divided by 119.
116
What is the remainder when 180847 is divided by 2409?
172
What is the remainder when 2840 is divided by 895?
155
What is the remainder when 167040 is divide